6623 (base 11) in base 4?
11231102
Convert -151726 (base 8) to base 2.
-1101001111010110
623a35 (base 11) to base 16
f457d
-40c54 (base 13) to base 8
-343165
Convert 413a (base 16) to base 5.
1013243
What is -641702 (base 14) in base 8?
-14722626
-3571400 (base 8) to base 6
-32555412
Convert 263199 (base 16) to base 13.
698406
What is 267493 (base 14) in base 5?
314420030
What is 101322120311 (base 4) in base 11?
2717972
What is 2665165 (base 7) in base 14?
925a5
-101111000001011100001011 (base 2) to base 11
-6a5a231
Convert 123022002 (base 4) to base 13.
3b826
-64b9c (base 14) to base 15
-4c361
14121002 (base 9) to base 8
32504003
-1178c05 (base 13) to base 6
-312041354
34431316 (base 7) to base 2
1011100000010111011111
10022112111 (base 3) to base 13
2392c
What is 124035 (base 8) in base 7?
236321
-458280 (base 15) to base 9
-6216633
-22443334 (base 9) to base 6
-1025253521
-1301955 (base 13) to base 10
-5944476
What is -100020365 (base 7) in base 4?
-112000221011
Convert -176040 (base 10) to base 5.
-21113130
-12133103200 (base 4) to base 16
-19f4e0
Convert -232ac9 (base 13) to base 7.
-10043666
What is 104730 (base 8) in base 4?
20213120
77485 (base 10) to base 9
127254
What is -124a123 (base 11) in base 2?
-1000010000101110110011
Convert -10110111101011001 (base 2) to base 13.
-33a5c
Convert 215534 (base 8) to base 7.
421326
What is 12102112121 (base 3) in base 15?
219bd
What is -395a232 (base 12) in base 3?
-210022001101002
What is 1441432400 (base 5) in base 6?
214411151
-44425274 (base 8) to base 4
-210202222330
What is 101100001110111000010 (base 2) in base 3?
2201122012212
What is -6a78b (base 13) in base 2?
-101111100001001010
Convert 121331011 (base 4) to base 3.
12101211101
What is 1324460 (base 9) in base 12?
2ab690
What is 157031 (base 16) in base 10?
1404977
What is -1222010102221 (base 3) in base 13?
-2a7c81
Convert -414124 (base 7) to base 10.
-71068
-2b250b (base 12) to base 16
-b235b
What is -33331230 (base 7) in base 3?
-12102101220020
What is -1552909 (base 10) in base 3?
-2220220012011
Convert 4372144 (base 8) to base 13.
322777
What is 100100010000000 (base 2) in base 9?
27412
What is 8465b (base 12) in base 5?
21024420
Convert 4189a7 (base 12) to base 14.
1cbbb1
Convert 10101111110100110011011 (base 2) to base 14.
a9d911
Convert 14ad67 (base 16) to base 9.
2484768
Convert 510333002 (base 6) to base 11.
4a06949
a781b5 (base 12) to base 9
4874712
Convert a7ed88 (base 15) to base 16.
7a0bdc
-100130033 (base 5) to base 4
-1200211323
What is 12066633 (base 7) in base 10?
1075623
Convert 430335 (base 8) to base 16.
230dd
Convert -2b09b (base 14) to base 5.
-11412103
What is -20211101010122 (base 3) in base 2?
-1101110110000000000100
Convert -2965 (base 10) to base 4.
-232111
Convert -23d56 (base 15) to base 3.
-12210220100
What is -6ea055 (base 15) in base 5?
-2324030310
What is -40ba4 (base 16) in base 9?
-443612
What is -1d2c4 (base 16) in base 5?
-12310432
Convert 56162035 (base 7) to base 5.
2220334114
Convert 2638613 (base 10) to base 2.
1010000100001100010101
2212102020100 (base 3) to base 10
1523781
-1202124402 (base 5) to base 8
-12443252
111012020102212 (base 3) to base 12
2421942
Convert 508aaa1 (base 11) to base 7.
136260433
What is 20842 (base 15) in base 14?
29812
-23340133 (base 5) to base 4
-310200003
11222012022 (base 4) to base 5
334430041
Convert 64a5b (base 12) to base 5.
13222324
Convert -185746 (base 10) to base 8.
-552622
1101010010010010101110 (base 2) to base 7
41413634
-1340423 (base 5) to base 16
-6bdd
377b4e (base 16) to base 4
31313231032
321254 (base 6) to base 5
1314432
Convert -19b71 (base 16) to base 2.
-11001101101110001
Convert -6031636 (base 7) to base 13.
-1bcb59
What is -103711 (base 8) in base 4?
-20133021
Convert 14441022 (base 6) to base 4.
1322310212
What is 964761 (base 10) in base 14?
1b1837
Convert 35356201 (base 8) to base 11.
43a6305
Convert -2221001022 (base 3) to base 6.
-1122442
Convert 1226361 (base 7) to base 3.
22001011110
2122102100121 (base 3) to base 2
101010111001101001011
-87b02 (base 12) to base 2
-101011110101110010
What is 57737517 (base 8) in base 6?
1125201315
Convert 950019 (base 12) to base 5.
1044440224
What is 1600650 (base 7) in base 11?
13a448
What is -10204032 (base 5) in base 9?
-138404
-12102221101221 (base 3) to base 4
-23002013032
-50dc4 (base 15) to base 5
-31144414
Convert 39607 (base 11) to base 8.
156473
Convert -109c791 (base 13) to base 10.
-5111523
Convert 4b417 (base 14) to base 6.
3542513
Convert -2551942 (base 10) to base 13.
-6b4733
What is 22201404 (base 5) in base 9?
325072
Convert -14b70 (base 16) to base 14.
-22cc8
3451111 (base 11) to base 16
5c1094
-210001212202022 (base 3) to base 10
-11197259
38970 (base 13) to base 4
121212213
-1308b (base 16) to base 8
-230213
Convert 21200421 (base 5) to base 4.
223200330
Convert -744614 (base 10) to base 9.
-1354368
Convert -111110111110100001 (base 2) to base 14.
-6a013
What is 31a30 (base 16) in base 12?
997a8
Convert -9111804 (base 10) to base 15.
-beebd9
What is 25c3535 (base 13) in base 5?
11014012140
What is 2899942 (base 10) in base 12?
b7a25a
Convert -35125 (base 14) to base 9.
-216202
b08cb4 (base 14) to base 2
10110101010010100101110
What is -10010101101001101011100 (base 2) in base 12?
-17859b8
Convert 74701 (base 10) to base 7.
430534
2311131 (base 4) to base 9
16833
Convert 36622152 (base 7) to base 13.
8ac38a
-e7392c (base 15) to base 4
-221331000321
Convert -53533450 (base 6) to base 8.
-6024206
What is -10412303 (base 5) in base 14?
-25534
What is 10032132232 (base 5) in base 11?
5735692
Convert -494000 (base 12) to base 7.
-13051035
What is -20554412 (base 6) in base 13?
-182c36
Convert 420330042 (base 5) to base 8.
6462746
Convert 100212102102 (base 4) to base 11.
2502076
Convert b43ea (base 16) to base 6.
23453550
Convert -14057507 (base 8) to base 15.
-429464
What is 211323 (base 7) in base 2?
1000111010101010
Convert 5204250 (base 7) to base 6.
21205540
Convert -2143235 (base 6) to base 7.
-623666
What is -143a5b (base 14) in base 6?
-23012521
262608 (base 9) to base 7
1232525
What is 13560051 (base 9) in base 7?
111023236
Convert -75077 (base 13) to base 5.
-23223020
What is 2248 (base 14) in base 9?
8134
What is 146a03 (base 11) in base 3?
102121212121
-1106221 (base 7) to base 11
-93717
199892 (base 12) to base 9
758352
-231349 (base 13) to base 8
-3127072
What is -112312410 (base 5) in base 8?
-1744623
Convert -838a67 (base 11) to base 4.
-11020030012
-111111011011101100010 (base 2) to base 10
-2078562
What is 111001110000100101000 (base 2) in base 16?
1ce128
Convert -1034845 (base 11) to base 8.
-6746201
What is 31c952 (base 14) in base 9?
3150577
What is 125732 (base 10) in base 2?
11110101100100100
Convert 48703 (base 12) to base 7.
555033
Convert 122222301001 (base 4) to base 11.
3a45416
What is 140213220 (base 5) in base 13?
1bb49b
d44d (base 14) to base 6
441033
What is 2342710 (base 9) in base 15?
1a0bdc
Convert -32303334 (base 5) to base 3.
-111222212120
2314014443 (base 5) to base 11
2a45953
Convert 38bca8 (base 13) to base 16.
14e27c
Convert 6490c (base 15) to base 7.
2466603
de242 (base 15) to base 14
145367
What is -2a396 (base 15) in base 5?
-13321231
110010000110101100011101 (base 2) to base 11
7461265
What is 4a555 (base 15) in base 11?
152449
-54523602 (base 7) to base 3
-22210200122210
What is -1002201022 (base 5) in base 3?
-10202010210221
What is 1313110 (base 10) in base 5?
314004420
What is 19334 (base 11) in base 3?
1101001202
53380 (base 11) to base 2
10010111101010001
Convert -3242303433 (base 5) to base 7.
-113310244
What is -194689 (base 14) in base 7?
-10420532
What is -1011010101111011101 (base 2) in base 14?
-99645
2771135 (base 10) to base 4
22210202333
-10100200220 (base 3) to base 6
-1230040
What is 68a4401 (base 11) in base 4?
232002301221
545308 (base 9) to base 14
8681b
What is 33562434 (base 7) in base 4?
23021212230
What is 14555233 (base 6) in base 8?
1752105
What is -32500235 (base 6) in base 4?
-3231110333
232120340 (base 5) to base 9
1872151
Convert -111000011010101 (base 2) to base 12.
-14871
What is -49134 (base 15) in base 3?
-102211211011
Convert 185052 (base 11) to base 7.
2264405
Convert -1101000110011000011110 (base 2) t